of -4 + -15 + 15 + (21 - 24)?
-7
What is (22 - 2) + -11 + 1 + -55 + 9?
-36
Calculate 16 + 36 + -26 + -30.
-4
What is (-8 - (-1 + -5 + (5 - 4))) + -5?
-8
What is the value of 87 + -93 + (2 - (0 - -4)) + 8?
0
Calculate 8 + (-12 + 11 - (3 - 8)) - 11.
1
What is -5 - (5 + (-6 - -4) - 5) - -5?
2
Calculate 0 + 2 - (49 - 63).
16
What is -15 + -3 - (3 + -24) - (4 + 1)?
-2
11 + (-6 - 2) + -7 + -4
-8
Calculate -1 + -2 + 0 + (-42 - 6 - -37).
-14
Evaluate -18 + (-13 - (6 + -9) - -8).
-20
Evaluate -4 - (2 - (-15 + (-10 - -25))).
-6
-141 + 130 - (-1 + -16)
6
Calculate -4 - ((8 - -1) + 59 + -55).
-17
What is -1 + -7 + -11 + (6 - -11)?
-2
What is 20 + 2 + -1 + (-32 - (-12 + -16))?
17
What is the value of -5 - (0 + 1 + (-3 - -8 - 4))?
-7
Calculate 24 + (4 - 19 - (-4 + 20 + -20)).
13
What is (2 - 13) + (0 - -11)?
0
-20 + -1 - (2 - (-5 + 0) - 14)
-14
Calculate 6 + -2 + 2 - (-25 - -19).
12
1 - -4 - (0 + 5 + -4 - 7)
11
(9 - -3) + (6 - (14 + 22))
-18
Evaluate 5 + -5 - 5 - (-12 + 14 + 6).
-13
Evaluate 17 - (7 - (5 - (-3 + 13) - -6)).
11
Evaluate (-25 - (18 + -32 + 15)) + -8.
-34
Evaluate 0 + -6 + 10 + 7 + -7.
4
What is the value of (114 - 109) + (10 - -2)?
17
What is the value of 19 + (-3 - (36 + -27))?
7
Calculate -15 + 2 + -7 + 4 + 7.
-9
-11 - (-1 - 6 - -8 - 5)
-7
What is the value of 31 - (9 + -3 - 12 - (15 - 23))?
29
-26 - (-2 + -1 - (-8 - -14))
-17
-3 + -47 + 11 + 1 + 7
-31
Evaluate -2 + (1 - -1) - (432 - 429).
-3
What is -4 + (-2 - 12 - 3)?
-21
19 - 0 - (3 - (27 - 20))
23
15 - (4 - 5 - (-3 + -6))
7
What is the value of 9 + (-8 - (-2 + -6 + 7)) - 2?
0
What is the value of -116 + 107 + -1 + 1 + 0 + -2?
-11
What is the value of 36 + 12 + 0 + (10 - 8 - 14)?
36
Calculate -86 + 114 + -5 + 2.
25
What is 21 + 7 + (4 - (25 - 1))?
8
Evaluate -5 + 14 + (-13 - -16).
12
Evaluate -12 + -4 + -4 + 10 + (-17 - -19).
-8
Evaluate -36 - (-32 - (12 + -37)).
-29
Calculate (-1 + 20 - 25) + 15.
9
1 + 1 + -10 + 36 + -32
-4
What is -6 + (-32 - -54) + (-1 - 2)?
13
What is 23 + -41 - (7 + -20 - -26)?
-31
-1 + -1 + (8 - -3) - (15 - 19)
13
Calculate (2 - (8 + -12)) + (-1 - 2) - 40.
-37
What is (10 - (-7 + 6 + 7)) + 5 + -28?
-19
What is the value of 2 + -4 + 6 - (7 - 15)?
12
Calculate -16 + 9 + 13 - (1 - 3 - 2).
10
Evaluate 32 - (2 + 6) - 13.
11
4 - (-5 + -3 + 11) - -6
7
Calculate -2 - -11 - ((29 - 8) + 11).
-23
Evaluate -1 - 17 - 3 - -17.
-4
What is 2 + (-16 - 15) + 13?
-16
-1 - (3 - (11 + -9)) - (-13 - 13)
24
What is the value of -52 + 34 + (-2 + -6 - -7)?
-19
What is the value of -3 - (1 + 3 + (-3 - (-19 + 15)))?
-8
What is the value of 43 - (26 + (14 - 30) + 1)?
32
Calculate 0 + (-7 - 1) + (3 - -14 - 16).
-7
Evaluate (1 + 4 - (-13 + 14)) + -20 + 24.
8
(-56 - -23) + 65 + -54
-22
Calculate 7 + (12 + -8 - -18).
29
Evaluate -3 - -5 - (-27 - (-6 - 3)).
20
What is -42 + 54 + -5 + -1?
6
What is 6 - 0 - (-180 + 177)?
9
4 + 9 + -8 + -23 + 1
-17
-7 + (-13 - 5 - -14)
-11
Calculate (7 - 1) + -5 + 2.
3
What is the value of (102 - 92) + 2 + -18 + 1?
-5
What is the value of -3 - (2 + 1) - 8?
-14
What is the value of (0 - (-31 + 32)) + 16?
15
Calculate 11 - -1 - (-38 - -40) - 13.
-3
Evaluate -5 + 11 + -10 + (3 - (19 - 10)).
-10
Evaluate 3 + 1 + (867 - 855).
16
What is -4 + (5 - 1) - -4 - 7?
-3
What is the value of 785 - 782 - (1 + 0 - -16)?
-14
0 - (17 - 2) - 17
-32
What is the value of (-6 - (-1 - 5)) + 1 + (9 - 2)?
8
Calculate -12 - (0 - -2 - (-39 - -39)) - -3.
-11
Evaluate -17 + (10 - (-2 - -9)) - (-7 + 0).
-7
9 - 22 - (-19 + (-4 - -10))
0
Calculate 6 + (-1 + 3 - (-6 - -7 - -4)).
3
What is the value of -15 - (-17 - (23 - 17))?
8
What is the value of (-2 + -1 + 10 - 7) + (14 - 3)?
11
What is the value of -30 + 45 + -23 + -11?
-19
What is 26 - (40 - 5) - (0 - -1)?
-10
-10 - -5 - -2 - -15
12
5 + 7 + 0 - -1 - (8 + 1)
4
What is 71 + -3 + -29 + -41?
-2
Calculate 14 + 13 + (22 - 38).
11
4 - ((1 + 1 - (0 - 3)) + -3)
2
Evaluate (7 - -2) + (41 - 43).
7
-65 + (2 - -26 - -12)
-25
Calculate 3 - (8 + -8) - 9 - (0 - 1).
-5
What is -17 + 39 + (12 - -3)?
37
What is 30 + -13 + 11 + 2 + -11?
19
What is the value of -1 + -1 - (7 - (-11 + 2 + 7))?
-11
Calculate 0 + -12 + (30 - (11 + -9)).
16
(-29 - 15) + -7 - (-21 + 3)
-33
Evaluate 1 - (0 + (1 - (4 - (12 - 6)))).
-2
Calculate 0 + -7 + (2 + 5 - 19 - -45).
26
What is -7 - (-7 + 1 + (9 - 6))?
-4
6 + (-10 - -5) + -6 + 2
-3
153 - 158 - (5 - 0) - -30
20
Calculate -13 + (10 - (-8 - (-18 - -4))).
-9
Calculate -4 - ((21 - 4) + -5 + -1 + -7).
-8
What is -9 - (-4 + -14 + 4) - 16?
-11
What is the value of -3 + (11 - -1) + (-14 - -5)?
0
What is the value of (7 - (23 - (-2 - -7))) + 6?
-5
What is -28 + (0 - -42) + -22?
-8
Calculate 5 + (1 - 5 - (-25 + 28)) - 1.
-3
-106 - -121 - (-2 - -20) - 33
-36
Calculate -44 + (-6 + 27 - 9 - 2).
-34
Evaluate (46 - -19) + -24 - 37.
4
Calculate -5 + 13 + (3 - -4 - 3 - 4).
8
Calculate -8 - (5 + -3 + (-1 - 1)).
-8
Evaluate -1 + (-1 - -4) + (425 - 419) + 15.
23
What is the value of (6 + 2 - (21 - 9)) + -7?
-11
-14 + (19 - -10) - 11
4
What is the value of -18 - (41 + -48 - (-1 - (2 - -1)))?
-15
Calculate -110 + 41 + 30 - -6.
-33
-14 - (-15 + -12 + 12) - (-1 - -1)
1
What is (17 + -12 - -3) + 1 + 1?
10
Calculate (6 - (3 - -1)) + 3 - 28.
-23
Calculate -25 + -42 + (45 - -7).
-15
Evaluate 23 + -26 + (1 - 15) + 8.
-9
What is the value of 1 - (4 - 0) - (-9 + 8)?
-2
What is ((6 - 1 - 12) + 14 - 10) + 7?
4
Calculate -3 - -2 - (-6 + 3 + 19).
-17
What is the value of -7 - ((-7 - 1) + 8) - (3 - 29)?
19
(1 - (9 + -1 - 2)) + 4
-1
What is the value of -16 - ((4 - 1) + -6 - 4)?
-9
Evaluate -12 + 0 + -7 + (-1 - -9 - -17).
6
Calculate -18 - (12 - (36 + -13)).
-7
What is the value of -7 - (-15 - -12 - -5)?
-9
What is -3 - 2 - (10 - (-13 - -35)) - 1?
6
Calculate 0 - 9 - (-577 + 579).
-11
Evaluate (-35 + 29 - -5) + (0 - 1).
-2
(-7 - (-20 - -11)) + -9 - (-4 + -5)
2
-26 + (6 + -18 - -35)
-3
Calculate -1 - (2 + (-4 + 0 + 2 - -6)).
-7
What is the value of (5 - (-3 + 26)) + 13 - (-1 - 15)?
11
What is 5 + -7 - (-159 + 144)?
13
What is -9 - (7 + -2 + 7 + -9)?
-12
What is the value of -8 + 0 - (1 + (21 - 22)) - 6?
-14
Calculate (35 - 3) + 9 + -8 + -11.
22
Calculate -1461 + 1445 + (1 - -1) + 40.
26
Evaluate -8 - (6 - (2 + 9)) - 4 - -20.
13
What is the value of (-7 - (0 - 6)) + 5 + 1 + 0?
5
Calculate (2 - 14) + (2 - (-1 - -2)).
-11
-77 + 68 - (4 - (-4 - -2))
-15
Evaluate -14 + 1 + (-2 + -12 + 23 - 9).
-13
Evaluate 3 + (1 - -45 - 1) + (-38 - -26).
36
Calculate -11 + (3 + -2 + -5 - -2 - -5).
-8
What is the value of -21 + (-13 - -22) - -1?
-11
Evaluate (29 - 5) + -21 + 1.
4
What is the value of 53 - (-18 + 61) - (-7 - (-3 - -1))?
15
What is the value of 56 + (-179 - -93) + (1 - (2 - -2))?
-33
Evaluate -17 - -1 - (2 + -6).
-12
0 - -6 - ((30 - 2) + (-4 - 8))
-10
Evaluate 8 - 54 - (21 + -46).
-21
Calculate -7 - (4 - 10 - 9) - 14.
-6
What is the value of (15 + -7 - -4) + 2?
14
What is the value of -10 - (-3 + (-1 - -8)) - (-16 - -22)?
-20
Calculate -7 - (-9 - (-8 - (22 - 11 - 10))).
-7
Calculate 0 + -1 + (4 - (-18 - (6 - 9))).
18
1 + -3 + 1 + -6 + -2
-9
Calculate 7 + -6 + 15 + (9 - 21).
4
Calculate -1 + (29 + -14 - 30).
-16
Calculate -10 + -6 + 29 + -16 + 6.
3
Evaluate 7 + 12 + -13 - 20.
-14
22 - ((-9 - 3 - -19) + -5)
20
Calculate 15 + (-2 - 18) + 15 + -8.
2
What is 30 + (23 - 53) - (8 - 0) - -38?
30
Evaluate -3 - -2 - (2 - 4) - -6.
7
Calculate -1 - (0 - 12 - -6).
5
What is the value of 5 + (13 + -9 - -12)?
21
Evaluate 1 + 0 - 10 - -12.
3
(0 - 3) + -5 + (13 + -6 - 7)
-8
Evaluate -3 + (32 - 9 - 21) + (1 - 1).
-1
Calculate -242 + 250 - (33 + (2 - 2)).
-25
Calculate 1 - (1 + -12 - 0).
12
What is (1 + -2 - -4) + 3 + (-5 - -2)?
3
Evaluate (12 - 13) + 9 + -4.
4
What is -65 - -76 - (15 + 0) - -12?
8
Calculate 5 - -5 - (-2 - -20).
-8
(21 + -22 - (-2 - 4)) + -6
-1
Calculate 1 - 5 - (43 + -9 + -63).
25
Evaluate 12 + 4 + (9 - (22 + -1)).
4
Evaluate -108 - -115 - (11 - 1).
-3
What is the value of 13 + (-1 - -4) + 5 + 2 + -12?
11
What is the value of (-8 - 0) + -16 + (4 - -3) + -3?
-20
What is the value of -45 - (8 + -37 + -10)?
-6
What is the value of 23 - (28 - -3) - ((-1 - -10) + -2)?
-15
Calculate 5 + 7 + -46 + (-5 - -18).
-21
What is the value of (41 - (-19 + 50)) + (-19 - 2)?
-11
What is (4 - (0 - -2)) + (4 - 2 - -5)?
9
20 + 17 + -15 + -16
6
What is -5 - (6 + (-12 - -5) + 7)?
-11
9 + 15 + -41 